120?
15
What is the greatest common factor of 351 and 117?
117
Calculate the highest common factor of 32 and 360.
8
Calculate the highest common factor of 648 and 144.
72
What is the greatest common factor of 27 and 1593?
27
Calculate the highest common divisor of 80 and 10.
10
What is the highest common factor of 120 and 160?
40
Calculate the highest common factor of 1545 and 255.
15
Calculate the highest common divisor of 742 and 98.
14
What is the greatest common divisor of 1044 and 162?
18
Calculate the highest common factor of 175 and 2725.
25
Calculate the highest common factor of 114 and 18.
6
Calculate the highest common factor of 1935 and 1720.
215
Calculate the greatest common factor of 44 and 396.
44
What is the highest common divisor of 5 and 1315?
5
What is the greatest common factor of 96 and 3372?
12
What is the greatest common factor of 47 and 611?
47
What is the greatest common factor of 316 and 6?
2
What is the greatest common divisor of 51 and 153?
51
What is the greatest common factor of 35 and 45?
5
Calculate the highest common divisor of 572 and 195.
13
What is the greatest common divisor of 1430 and 5?
5
What is the greatest common divisor of 60 and 4380?
60
Calculate the highest common factor of 5611 and 724.
181
What is the greatest common divisor of 836 and 44?
44
What is the greatest common divisor of 476 and 84?
28
What is the highest common factor of 452 and 8814?
226
Calculate the greatest common factor of 100 and 2050.
50
Calculate the highest common factor of 24 and 3756.
12
What is the greatest common divisor of 7 and 3241?
7
What is the highest common factor of 3420 and 45?
45
What is the highest common divisor of 39 and 2730?
39
Calculate the greatest common factor of 2688 and 864.
96
What is the greatest common divisor of 2 and 32?
2
What is the greatest common factor of 51 and 1666?
17
Calculate the greatest common divisor of 126 and 60.
6
What is the greatest common divisor of 242 and 33?
11
What is the greatest common divisor of 4 and 1124?
4
What is the greatest common factor of 88 and 319?
11
Calculate the greatest common factor of 66 and 627.
33
What is the highest common factor of 2673 and 33?
33
What is the greatest common divisor of 4 and 566?
2
Calculate the highest common divisor of 845 and 13.
13
Calculate the highest common divisor of 4313 and 95.
19
Calculate the highest common divisor of 2375 and 95.
95
Calculate the greatest common divisor of 2464 and 896.
224
What is the highest common factor of 35 and 20?
5
What is the greatest common divisor of 10 and 4?
2
What is the highest common factor of 6511 and 68?
17
What is the greatest common factor of 20 and 52?
4
Calculate the highest common factor of 1717 and 17.
17
What is the greatest common divisor of 256 and 22336?
64
Calculate the greatest common divisor of 1495 and 10.
5
Calculate the greatest common factor of 4624 and 592.
16
Calculate the greatest common divisor of 60 and 10960.
20
What is the highest common factor of 20 and 865?
5
What is the greatest common factor of 13066 and 94?
94
Calculate the greatest common factor of 261 and 6.
3
Calculate the highest common factor of 200 and 80.
40
Calculate the highest common factor of 127 and 21463.
127
Calculate the highest common factor of 19 and 361.
19
Calculate the highest common divisor of 960 and 180.
60
What is the greatest common factor of 703 and 19?
19
Calculate the highest common factor of 140 and 28.
28
What is the greatest common factor of 77 and 21?
7
Calculate the highest common divisor of 195 and 465.
15
Calculate the greatest common divisor of 152 and 10564.
76
Calculate the greatest common divisor of 90 and 3315.
15
Calculate the greatest common divisor of 52 and 12.
4
Calculate the highest common divisor of 18 and 52.
2
What is the highest common factor of 4424 and 896?
56
What is the highest common factor of 1404 and 182?
26
What is the greatest common divisor of 84 and 868?
28
Calculate the greatest common factor of 3626 and 49.
49
What is the highest common factor of 855 and 2907?
171
What is the greatest common factor of 1539 and 855?
171
What is the highest common factor of 4 and 12?
4
Calculate the greatest common factor of 3638 and 68.
34
Calculate the highest common divisor of 540 and 20.
20
Calculate the greatest common factor of 15 and 15.
15
What is the highest common divisor of 110 and 7018?
22
Calculate the greatest common divisor of 68 and 16048.
68
What is the greatest common divisor of 3336 and 108?
12
What is the greatest common factor of 126 and 6748?
14
What is the highest common factor of 4090 and 20?
10
Calculate the greatest common divisor of 11 and 3872.
11
Calculate the greatest common factor of 3332 and 85.
17
What is the greatest common factor of 44 and 418?
22
What is the highest common divisor of 110 and 790?
10
Calculate the highest common divisor of 21 and 3710.
7
What is the greatest common divisor of 12 and 24?
12
What is the highest common divisor of 42 and 2625?
21
What is the highest common divisor of 1056 and 660?
132
What is the highest common divisor of 9 and 9?
9
What is the greatest common divisor of 203 and 145?
29
What is the greatest common factor of 534 and 1424?
178
Calculate the greatest common divisor of 88 and 23364.
44
Calculate the greatest common divisor of 50 and 490.
10
Calculate the greatest common divisor of 11 and 4818.
11
What is the highest common factor of 240 and 540?
60
Calculate the highest common factor of 62 and 93.
31
What is the greatest common factor of 428 and 25466?
214
What is the highest common factor of 9906 and 78?
78
Calculate the highest common factor of 3589 and 111.
37
What is the greatest common divisor of 12 and 28?
4
Calculate the highest common factor of 1010 and 1919.
101
Calculate the highest common divisor of 352 and 286.
22
Calculate the highest common divisor of 24 and 116.
4
What is the greatest common factor of 55 and 605?
55
What is the highest common factor of 493 and 232?
29
What is the greatest common factor of 870 and 15?
15
Calculate the highest common divisor of 142 and 16827.
71
What is the highest common factor of 25 and 30?
5
What is the highest common factor of 18 and 186?
6
Calculate the greatest common divisor of 176 and 66.
22
What is the highest common divisor of 32 and 236?
4
Calculate the greatest common factor of 759 and 138.
69
Calculate the greatest common factor of 1594 and 2.
2
Calculate the highest common factor of 262 and 10.
2
Calculate the greatest common factor of 1625 and 500.
125
Calculate the highest common factor of 258 and 984.
6
What is the greatest common factor of 18 and 150?
6
Calculate the highest common factor of 64 and 8480.
32
Calculate the highest common factor of 3 and 309.
3
Calculate the highest common factor of 448 and 7.
7
Calculate the greatest common factor of 1116 and 36.
36
Calculate the greatest common divisor of 627 and 114.
57
What is the greatest common factor of 119 and 68?
17
Calculate the greatest common factor of 703 and 296.
37
What is the greatest common divisor of 13 and 208?
13
Calculate the highest common factor of 32 and 2304.
32
What is the highest common factor of 6 and 26?
2
What is the highest common divisor of 2528 and 237?
79
What is the greatest common divisor of 195 and 624?
39
Calculate the greatest common factor of 62 and 24862.
62
What is the highest common factor of 4554 and 2178?
198
What is the highest common divisor of 12 and 588?
12
Calculate the highest common divisor of 40 and 64.
8
Calculate the greatest common factor of 15 and 985.
5
Calculate the highest common divisor of 10878 and 2442.
222
Calculate the greatest common divisor of 710 and 15.
5
Calculate the greatest common divisor of 11 and 2.
1
Calculate the greatest common divisor of 8938 and 109.
109
What is the highest common factor of 756 and 24?
12
What is the greatest common divisor of 432 and 7152?
48
What is the highest common factor of 273 and 7?
7
What is the highest common factor of 14 and 354?
2
What is the greatest common divisor of 11 and 3?
1
What is the greatest common factor of 55 and 220?
55
Calculate the greatest common divisor of 72 and 7704.
72
What is the greatest common divisor of 144 and 6?
6
What is the highest common d